6*x**2 + 1 - i*x - 75*x**2. Give t(0).
1
Suppose 4*b - w + 20 = 0, -3*b - w - 20 = -3*w. Let y(f) be the second derivative of 0*f**2 + 1/20*f**5 + 5/12*f**4 - 13*f + 0 + 1/2*f**3. What is y(b)?
4
Let t(d) = -3*d**3 - d**2 + d. Let z(l) = l**3 - 22*l**2 + 41*l - 18. Let s be z(20). Suppose -s*u + 2*b = -10, -3*u - 4*b - 23 = -10. Determine t(u).
-3
Let p(z) be the third derivative of z**5/60 - z**4/12 - z**3/6 + 149*z**2 - 1. Let u = 5 - 2. Determine p(u).
2
Let d(f) = f + 4. Let n = -72 + 73. Let b be (-40)/16 - n/2. Give d(b).
1
Let q(s) = -s**3 + 8*s**2 - s - 10. Suppose 2*k + 9 = -5*r, 3*k - 6*k - 1 = 5*r. Give q(k).
-18
Let z = 9 + -7. Let u(l) = l**2 + 5*l - z*l + 2*l**3 + 1 - l**3 - l. What is u(-1)?
-1
Let g be (-8*(-1)/24)/((-2)/12). Let n(a) = -2*a**3 - a**2 + 4*a + 3. Determine n(g).
7
Let b(s) = -s**3 + 5*s**2 + 18*s - 22. Let c be b(7). Let o(a) = a**3 - 4*a**2 - 13*a. Give o(c).
-6
Let d = 1122 + -1118. Let n(w) be the third derivative of 11*w**2 + w**3 + 0*w - 1/60*w**5 + 0 - 5/24*w**d. Give n(-6).
0
Let z = 8 - 3. Let o(j) = 5*j - 4*j + 2*j**2 + 3*j - z. Let i(k) = -k - 11. Let m be i(-7). What is o(m)?
11
Let s(g) = 3*g + 3. Let i(a) = 15*a + 10. Let q be i(-2). Let c be (-3)/(-5) - (128/q + 4). Determine s(c).
12
Suppose o = 7 - 1. Let b be (o/(-8))/((-15)/40). Let j(a) = -4*a**2 - b + 3*a + 0*a**2 + 5*a**2. Give j(-5).
8
Let b(p) be the first derivative of p**4/4 - 5*p**3/3 + 2*p**2 - 3*p + 1. Let o be -130*10/(-75)*9/(-1). Let i be (-1)/(-3 - -1)*o/(-26). Give b(i).
-9
Let l be (3/4)/((-2)/(-8)). Let b(j) = -j**3 + 4*j**2 - j - 4. Let o be b(l). Let t(a) = -a**2 + 8*a**2 - 8*a**o. Give t(0).
0
Let l(b) = 21*b + 41. Let o(m) = 8*m + 14. Let q(n) = 3*l(n) - 8*o(n). Calculate q(-5).
16
Let a = 4 + 2. Let z = 77 - 49. Let n(s) = 31*s**3 - 5*s**2 - 2 + z*s**3 - 58*s**3 - 6*s. Give n(a).
-2
Let o = 18 + -8. Let d(m) = m**3 - 11*m**2 + 10*m + 7. Let v be d(o). Let z(h) = 9*h**3 + 5*h**3 - v*h**3 - h**2 + 1 - h. Determine z(1).
6
Suppose 0 = -3*v + 4*v + 4*i - 2, -3*v = 2*i - 26. Let u(k) = -5*k**3 + 2*k**3 - 8 + 4*k**3 + v*k - 10*k**2. Determine u(9).
1
Let d(f) be the second derivative of f**4/12 - f**3/6 - 2*f**2 - 341*f. Let k be 1 + (-5 - -2 - -2). Determine d(k).
-4
Suppose -4*a + 24 = 8. Suppose s + 14 = -3*j - a*s, -2*j + 3*s = -16. Let l(x) = -x + 0*x**j + 0*x + 2 - 5*x - x**2. Give l(-5).
7
Let p(d) be the third derivative of 17*d**2 + 2*d**3 + 0 + 0*d - 1/24*d**4. Determine p(0).
12
Let v(a) = a**3 + 3*a**2 - 2*a + 6. Let y(w) = -60*w - 185. Let n be y(-3). What is v(n)?
-34
Let h(x) = -2*x**3 + 11*x**2 - 5*x. Let k(t) = t**3 - 6*t**2 + 4*t - 1. Let m(g) = -2*h(g) - 3*k(g). Give m(4).
-5
Suppose 2*b + 5 + 1 = -5*f, 4*f = -5*b - 15. Let u = 14 + -13. Let w(t) = t + f*t + u + 1. Give w(-6).
-4
Let p(j) = j + 9. Let d(u) = -1. Let z(c) = -4*d(c) - p(c). Let t(y) = 7*y + 6. Let h be t(-2). Let m(a) = a + 8. Let r be m(h). Calculate z(r).
-5
Suppose 0 = 10*w - 25*w + 75. Let i(a) be the second derivative of -a**2 + 1/2*a**3 + w*a + 0. Give i(-2).
-8
Let y = 31 - 31. Let u(p) = -p**2 + 2 + y*p**2 + 7 + p**3 - 2. Calculate u(0).
7
Let o(n) = 3*n**2 - 2*n - 4. Let g be o(2). Let t(p) = 3*p - 3*p**2 + g*p**2 - 6*p - p. What is t(3)?
-3
Let h(s) = 6*s**2 - s + 1. Let g(n) = -14*n**2 + 8. Let m(t) = -5*t**2 + 3. Let i(x) = 6*g(x) - 17*m(x). Let w be i(2). Determine h(w).
6
Let a(x) = x**2 - 7*x + 14. Let f(i) = 2*i + 1. Let l(u) = -a(u) + 4*f(u). Give l(14).
4
Let w(b) = -5*b**2 + b - 5. Let s be -7 + (-9 - -6) + 7. Calculate w(s).
-53
Let f(b) = -b**3 - 4*b**2 - 2*b - 5. Let y(x) = -x - 1. Let d(n) = 7*n - 15. Let o(h) = d(h) + 6*y(h). Let r be o(17). What is f(r)?
3
Let i(a) = a**3 - 7*a**2 - 6*a - 11. Let x(l) = -l + 13. Let f be x(15). Let j = 10 + f. Let n be i(j). Let w(v) = v + 3. Calculate w(n).
8
Let z(j) = 6*j**2 + 0*j**2 - 5*j**2 + 6*j. Let n(y) = -2*y**2 - 9*y - 16. Let f be n(-3). Give z(f).
7
Let a(k) = 2*k**2 + 7*k - k - k**2. Suppose 16 = -3*d - 2*v, -5*d - 43 + 10 = -3*v. What is a(d)?
0
Let j(q) be the third derivative of -q**7/840 - q**6/90 + q**5/20 - q**4/6 + 5*q**3/6 - 7*q**2. Let i(c) be the first derivative of j(c). Give i(-5).
-9
Let h(b) = 4*b + 13. Let r(f) = -f - 4. Let t(i) = 2*h(i) + 7*r(i). Let j be ((-9)/(-18))/((-5)/(-80) - 0). Determine t(j).
6
Let x(y) = y**3 - y**2 + 4*y - 10. Let h(s) = s**2 - 1. Let d(q) = -4*h(q) + x(q). Calculate d(4).
-6
Let x be 4 - -2*(-3 - -2). Let b(o) = 6 - 2 + 4*o**x - 3. What is b(1)?
5
Let t be (12/(-2))/(-3) + 5. Suppose g + 6*w - 3*w = 8, -2*g - 3*w = -16. Let p = t - g. Let n(c) = -8*c**2. Calculate n(p).
-8
Let i = -51 - -81. Let q(a) = -i*a**2 + 0*a + 31*a**2 + 6 + 9*a - a. Determine q(-6).
-6
Let m be (-4)/((-16)/(-4))*-17. Let g(o) = o**2 - 16*o - 14. Let i be g(m). Suppose -i*u + 7 = 19. Let y(a) = a**3 + 5*a**2 + 3*a. What is y(u)?
4
Let t(o) = -8*o**2 + 2*o + 1. Let n(s) = 3*s + 23. Let l be n(0). Let i(d) = 2*d - 47. Let v be i(l). Calculate t(v).
-9
Let h = -191 - -181. Let n(i) = i - 3. Give n(h).
-13
Suppose -2*m - 16 = i, 7*i + 8 = 4*i + 2*m. Let a be ((-4)/i)/(12/162). Let c(k) = k - 9. Let v be c(a). Let z(p) = -p**2 - p - 2. Calculate z(v).
-2
Suppose 4*x - 16 = -4*z, x - 2 + 0 = z. Let f(p) = 2*p**2 + 0 + 1 + x*p - 2*p**2 + 2*p**2. Determine f(-3).
10
Let v(t) = 3*t**2 - 75*t + 1. Let a = -2167 + 2192. What is v(a)?
1
Let v(s) = -2*s + 6*s - s. Let w = -3001 - -3002. Give v(w).
3
Suppose 0 = 3*d - 2*u - 8, -22 = 2*d + 4*u - 6. Let n(t) = 4*t + t**2 + t - 3 - 4*t + t**3. Determine n(d).
-3
Let g(n) be the third derivative of n**6/120 + 7*n**5/60 - n**4/12 - 4*n**3/3 - 19*n**2 + 5*n. Determine g(-7).
6
Let c(r) = r**2 + 11*r - 356. Let z be c(-25). Let j(g) = -2*g**2 - 15*g - 7. What is j(z)?
11
Let z(y) be the first derivative of 1/2*y**2 + 1/4*y**4 + 4/3*y**3 - 1 + 5*y. Let n = -73 - -69. Determine z(n).
1
Let h(w) be the second derivative of -w**3/3 + 9*w**2/2 + 269*w. Calculate h(-7).
23
Let s(c) = -c + 7. Let k be s(10). Let d(x) = -13*x**3 - 29*x**2 - 5*x - 5. Let f(o) = -9*o**3 - 20*o**2 - 3*o - 3. Let m(j) = 5*d(j) - 7*f(j). What is m(k)?
17
Let h(z) = z + 8. Let p = -1286 - -1284. Calculate h(p).
6
Let k be (16/3 + -6)*(-3)/(-2). Let z(y) = -3*y + 1. Give z(k).
4
Suppose m + 2*c = -3*c - 2, -4*m + 3*c + 38 = 0. Let z(h) be the third derivative of h**5/60 - 3*h**4/8 - h**3/3 - 6*h**2. Give z(m).
-10
Let h(r) = -r**3 + 7*r**2 + 7*r - 1. Let i(j) = j**3 - 2*j**2 - 5*j - 4. Let f be i(4). Calculate h(f).
-9
Let d(t) = 15*t**3 - 5*t**2 + 7*t - 6. Let w(y) = 7*y**3 - 2*y**2 + 3*y - 3. Let k(a) = 6*d(a) - 13*w(a). Give k(-2).
-11
Let r(p) be the first derivative of -p**5/20 + 2*p**4/3 - p**3 - 2*p**2 - 5*p - 24. Let n(f) be the first derivative of r(f). What is n(7)?
3
Let z be -14*(0 - 7/(-7)). Let k(m) = m**3 + 14*m**2. Determine k(z).
0
Let w = -9 - -6. Let f(m) = m + 2. Let g be f(w). Let l(h) = h + 1. Let d(c) = 3*c**2 + 6*c + 5. Let x(a) = d(a) - 6*l(a). What is x(g)?
2
Let n(l) be the first derivative of l**3/3 - l**2/2 + 22*l + 209. Give n(0).
22
Suppose -19*y + 97 = 40. Let u(g) = 3*g - 3*g**2 - 1 + 3*g**2 - g**3. Calculate u(y).
-19
Let t(a) be the third derivative of -a**5/60 - a**4/8 + 2*a**3/3 + 3*a**2 - 108. Calculate t(-7).
-24
Let d(i) be the second derivative of 1/12*i**4 + 1/20*i**5 + 23*i - 5/6*i**3 - 3/2*i**2 + 0. Determine d(-3).
-6
Let m(p) = -3*p - 7. Let d = 12 - 14. Let j be m(d). Let a(y) = 5*y**3 - y**2 - y - 1. Give a(j).
-6
Let j(c) = -3*c**3 + 2*c**2 + 3*c - 1. Let u(a) = 4*a**3 - 2*a**2 - 3*a + 1. Let g be 3/((-18)/4 + 3). Let s(q) = g*u(q) - 3*j(q). Calculate s(2).
-5
Let w = 30 - 22. Suppose -13*u - w = -9*u. Let t(p) = p**2 - 2*p. What is t(u)?
8
Let r(y) be the first derivative of y**3/3 + 3*y**2/2 - 6*y - 582. Let l be (-2 + -1 + 8)*-1. Calculate r(l).
4
Let q(s) = s + 31 - 66 + 34. Let j(l) = -10*l + 10. Let f(x) = 4*j(x) + 36*q(x). Let v(w) = -w**2 - 5*w - 3. Let k be v(-3). Determine f(k).
-8
Let x(g) be the third derivative of 0*g + 0 + 5/6*g**3 - 20*g**2 - 1/12*g**4. Give x(5).
-5
Let o(c) = c**2 - 13*c - 48. Let h be o(-4). Let v(m) = -m + 21. Calculate v(h).
1
Let r(n) be the second derivative of n**5/20 + n**4/12 + 2*n + 11. What is r(0)?
0
Let m = 1181 + -1197. Let p(v) = v**3 + 16*v**2 + 3*v + 18. D